. Let a = 124 + -120. Calculate g(a).
3
Let p(m) = 4 + m - 2 + 0*m + 0*m. Calculate p(-2).
0
Let b be 1/(1 - 2)*-3. Let n(c) = 9*c**2 - 19*c + 1. Suppose 2*q + 10 = -4. Let i(g) = 5*g**2 - 10*g. Let j(r) = q*i(r) + 4*n(r). Give j(b).
-5
Let a be 1*(4 + -6 - -1). Let v(t) = 7*t + 1. What is v(a)?
-6
Let l be 40/6*(-12)/(-8). Suppose 2 - l = 2*p. Let u(a) = -a**3 - 4*a**2 - a + 2. Calculate u(p).
6
Let m(r) = -2*r + 4 - r**3 - 10 - 5*r - 3*r**2 - 4*r**2. Calculate m(-6).
0
Let y(u) = -u**2 + 3*u - 5. Let i(f) = -2*f - 20. Let b be i(-12). What is y(b)?
-9
Suppose -l - 4*j - j = -24, 3*j = 2*l + 17. Let a(q) = q + 1. Give a(l).
0
Let s be 2 - ((0 - -1) + -3). Suppose 3*y = 7*y - 100. Suppose s*h - y + 9 = 0. Let c(j) = j**2 - 4*j + 4. Calculate c(h).
4
Let f(n) be the second derivative of -n**3/2 + n. Suppose -3*u - 5*y + 3 + 3 = 0, 3*y + 2 = u. Suppose 3*t = t + u. Give f(t).
-3
Let y(r) = r**2 - r - 22. Let m be (-2)/10 - 1/(-5). Calculate y(m).
-22
Let i(p) = -p**2 + 2*p - 1. Suppose 4 = 3*n + n. Give i(n).
0
Let w(i) = i**2 - 5*i + 2. Let c(x) = x**2 + 3*x + 3. Let g be c(-3). Suppose -g*n = -3*r - 21, 0*r + 4 = 4*n + 2*r. Determine w(n).
-4
Suppose 3*m + 50 = -5*c, c + m + 4 = -8. Let v(f) = f + 3. Let r be v(c). Let h(j) = -j**3 - 3*j**2 + j - 5. Determine h(r).
7
Let x(q) = 13*q - 7. Let a(p) = p**3 + 5*p**2 + 6*p + 2. Let u be a(-4). Let l(r) = 7*r - 4. Let b(y) = u*x(y) + 11*l(y). Calculate b(-6).
4
Suppose -5*i + 0*i = -20. Suppose 5*y - 2*n = 14, 3*n - 4 = y - 6*y. Let k(q) = -q**y + 5*q + 1 - 3*q + 2. Calculate k(i).
-5
Let o = 40/69 + 2/23. Let b(q) be the first derivative of 0*q**2 - 3 - o*q**3 - q. Give b(1).
-3
Suppose 2*z - 3*q = -3*z - 13, 3*q = 3. Let x be z/(-8) + (-6)/(-8). Let v(m) = -7*m. What is v(x)?
-7
Let m(s) = s**2 - 5*s + 4. Let g(y) = -y**3 + 7*y**2 + 8*y + 4. Let w be g(8). What is m(w)?
0
Suppose 0 = 3*u - 2*u. Let w(s) = -s - 2. Let t be w(u). Let c(j) = 1231*j + 1242*j - 2467*j + 3. Give c(t).
-9
Let c(b) = b**2 + 10*b + 9. Let y(j) = j**3 + 5*j**2 - 8*j + 36. Let l be y(-7). What is c(l)?
-15
Let w be (-54)/(-12) - (-6)/(-4). Let c(g) = 2*g**2 - w*g**2 + 3 + 2 + 7*g - 3*g. What is c(5)?
0
Suppose -11 = -4*f - 5*h - 2, 3*f - h = 21. Let m(g) be the third derivative of g**4/24 - 4*g**3/3 - g**2. Determine m(f).
-2
Let d(t) = -t**3 + 25*t + t**2 - 49*t + 8 + 25*t. Give d(0).
8
Let t = 0 - -2. Let a(v) = 4*v + 14 - 10 - 7. Give a(t).
5
Let b(y) = 8*y**3 - 2*y**2 - 3*y - 2. Let f be b(-1). Let m(i) = -i**3 - 9*i**2 + i + 5. Determine m(f).
-4
Let b(i) be the first derivative of -3 - 1/2*i**2 + 5*i. Determine b(-4).
9
Let i(t) be the second derivative of 2*t**3/3 + t**2 - 18*t. Give i(-2).
-6
Let l(s) be the second derivative of -s**5/60 - 5*s**4/24 + s**3 - 4*s**2 + 4*s. Let g(o) be the first derivative of l(o). Determine g(-6).
0
Let l(j) = -j**2 - 8*j + 6. Let f(m) = -m**2 - 7*m + 6. Suppose 12 = 3*z - 3. Let d(w) = z*f(w) - 4*l(w). Calculate d(-5).
-4
Let m(w) = -4*w + 1. Let p = 2 - 1. What is m(p)?
-3
Let j(l) be the second derivative of -l**5/20 + l**4/12 - l**3/6 + 3*l**2 - 4*l. Let a(q) = q + 7. Let y be a(-7). Determine j(y).
6
Let b be 2 + -3 + 3 + 3. Let c be (6 - b)*(-1 + 1). Let l(t) = -3*t - 5. Let g(z) = -4*z - 5. Let p(q) = 4*g(q) - 5*l(q). Calculate p(c).
5
Let p(w) be the first derivative of w**4/4 + 4*w**3/3 + w**2 + 3*w - 3. Let s(v) = v**3 + 4*v**2 + 2*v + 5. Let i be (8/6)/((-1)/3). Let d be s(i). Give p(d).
6
Let b(m) = -m**3 + 4*m**2 - 3*m + 1. Let z be b(3). Suppose 4*v - 8 = -2*c - 0, -4*c - 4 = -2*v. Let r(i) = -i**2 - 2*i**2 - 2*i**2 - i**v. Determine r(z).
-6
Let s(l) = l**2 - l + 1. Let o(x) = -4*x**2 - 3*x - 5. Let m(z) = o(z) + 3*s(z). What is m(-6)?
-2
Let p(g) be the second derivative of -g**5/20 + g**4/6 + g**3/3 + g**2/2 - 2*g. Let c = -5 - -10. Suppose -4*b + 2*b - c*w = -11, -w + 13 = 4*b. Give p(b).
-2
Let c(j) = 0*j**3 + 2*j**2 + 0*j**3 - j**3 - 1. Suppose -7*l - 5 = -2*l. Let y be 4 + -1 - (0 - l). What is c(y)?
-1
Let t(z) = z**2 - z + 6. Let x(y) = -1 + y**2 + 0*y**2 - 3*y**3 + y + 2*y**3. Let a be 12/21 - 21/(-49). Let m be x(a). Calculate t(m).
6
Let m(r) = -5*r**2 + r + 1. Suppose 2*y = 3*y - 5. Suppose y*u + 4 = u. Determine m(u).
-5
Let x(d) = d - 1. Let b be x(1). Let p be 7 + b/2 + -2. Let o(l) be the third derivative of l**6/120 - l**5/10 + 5*l**4/24 - 7*l**3/6 + 5*l**2. Give o(p).
-7
Suppose -3*m = -0*m + 18. Let o be ((-8)/(-3))/(m/(-9)). Let y = -2 + o. Let v(j) = j**3 - 4*j + 3. Determine v(y).
3
Let n(s) = -s**2 - 4*s + 1. Let w be n(-3). Let f(y) be the third derivative of y**4/12 - 2*y**3/3 + 18*y**2. Give f(w).
4
Suppose c - 5*c + 8 = 0. Let d(t) = -t - 2. Let u be d(-4). Let j(a) = 3*a**2 - u*a - 8*a**2 + 8*a**2. Give j(c).
8
Let l(m) = m + 2. Let q be l(-7). Suppose -2 + 5 = u. Let x(i) = -2 + 7*i + 7 - 2*i**2 + u*i**2. What is x(q)?
-5
Let f be 1 + (-7)/(-2)*-2. Let i(j) = -j**2 - 4*j + 4. What is i(f)?
-8
Let v(q) be the second derivative of -q**5/10 - q**3/3 - q**2/2 + 6*q - 1. What is v(2)?
-21
Let c(o) = o - 8. Suppose -3*h - 11 = n + 2*h, 2*n = -3*h - 8. Let d be (1 + n)/(-3 - -2). Determine c(d).
-8
Let b(y) = -y - 4 - 4*y + 5*y + y. Suppose u + 5*j - 5 = 4*j, 2*u - 4*j + 2 = 0. Determine b(u).
-1
Let q(z) = z**3 + 5*z**2 - 2*z - 1. Let h(l) = l. Let x(f) = 6*h(f) + q(f). Determine x(-3).
5
Suppose 9*h - 11*h - 4 = 0. Let s(g) = g**2 - 1. Determine s(h).
3
Let j(g) = 7*g - 7. Let p(x) = 3*x - 4. Let m(d) = 4*j(d) - 7*p(d). Let h = -4 + 3. Determine m(h).
-7
Let z(i) = 3*i + 5. Let b be (-3)/(24/(-20))*-2. Give z(b).
-10
Let w(l) = l + 9. Let v be w(-7). Let x(n) = 7 + v*n**2 + 2*n + 1 - 5 - n**3. Calculate x(3).
0
Let m = 2 + 0. Suppose 2*i + m*i - 3*d + 15 = 0, -4*d = 12. Let g = -3 - i. Let s(u) = u**3 - 3*u**2 + 2*u - 1. Give s(g).
5
Let r(s) be the second derivative of -s**4/12 + 2*s**3/3 + 3*s**2/2 - s. Suppose 4*u - 8 = 16. What is r(u)?
-9
Suppose 0 = -2*b + 2*n - 2, 5 - 4 = -3*b + 2*n. Let q(y) = -y**2 + 1 - 4*y**2 - y**2. Determine q(b).
-5
Suppose -3*j - a + 8 = 0, 3*j = -0*j + 4*a + 13. Suppose -j*o + 2*o - 1 = 0. Let m(u) = -9*u**3 + 2*u + 1. Calculate m(o).
8
Let i(b) = b**2 + 5*b. Let v be i(-6). Let p(d) = d**2 - 9*d + 12. Let r be p(v). Let x(a) = a**2 + 4*a - 1. Give x(r).
11
Let s(k) = 12*k**3 + 2*k + 1. Let z be (1/2)/((-9)/18). Calculate s(z).
-13
Let n(d) = -d + 3. Suppose 0 = h - 2*t - 8, -5*h = -2*h + 5*t + 9. Suppose 0*o - h*o - 6 = 0. Give n(o).
6
Suppose 0*h + 8 = 2*h. Suppose -h*u = u - 5. Let m(n) = -1 - n - u + 1. Give m(-3).
2
Let m(c) be the second derivative of c**5/20 - 11*c**4/12 + 11*c**3/6 - 5*c**2 - 2*c + 1. Calculate m(10).
0
Let u(g) = -g. Let n(a) = a. Let v(r) = 4*n(r) + 3*u(r). Give v(3).
3
Let l be 0/(4/6*-3). Let s(k) be the first derivative of k - 1/2*k**2 - 5. Determine s(l).
1
Suppose k - 8 = -3*k. Let g(a) = a - 3*a + a**2 - 4*a**k + 2*a**2 + 1. Determine g(-4).
-7
Let c(r) = -r**3 + r + 1. Suppose j - 11 + 9 = 0. Let g be j - 3*(5 - 4). Determine c(g).
1
Let s(m) = -m**2 - 13*m + 1. Let p be s(-13). Let z(h) = -16*h**2 + 1. Calculate z(p).
-15
Suppose -5*d + 29*l - 25*l + 16 = 0, 0 = 3*d + l + 4. Let o(s) be the third derivative of 1/60*s**5 - 2/3*s**3 + s**2 + 1/24*s**4 + 0 + 0*s. Determine o(d).
-4
Let t(s) = -8*s - 7. Let k(a) be the first derivative of -2*a**2 - 4*a + 4. Let q(d) = -11*k(d) + 6*t(d). Give q(2).
-6
Let p(b) = 3*b**3 - 3*b + 6. Let m(g) = -2*g**3 + 2*g - 5. Let z(t) = -4*m(t) - 3*p(t). Let h be ((-5)/20)/((-1)/8). Calculate z(h).
-4
Let c = 15 + -14. Let i(b) = -2*b + 3 - 2 + b. Give i(c).
0
Let j(n) = -n - 17. Let r be j(-8). Let b = 5 + r. Let m(u) = u**3 - 7*u - 3. Let s(c) = 3*c**3 + c**2 - 20*c - 10. Let l(v) = 8*m(v) - 3*s(v). What is l(b)?
6
Suppose -1 = d - 0. Let w(m) = -177*m**3 + 4*m + 169*m**3 + 1 - 2*m. Give w(d).
7
Let n(m) be the second derivative of m**3/6 + 3*m**2 + m. Suppose 0 = 3*h - h + 8. What is n(h)?
2
Let y(k) = k + 1. Let t(m) = 7*m + 10. Let l = 4 - 5. Let f(a) = l*t(a) + 5*y(a). Give f(-6).
7
Let h(u) be the first derivative of -4/3*u**3 + 7*u - 5*u**2 + 3. Let c(p) = 5*p**2 + 11*p - 8. Let f(q) = -5*c(q) - 6*h(q). Give f(5).
-2
Let g(k) = 5*k**2. Let y = -7 - -10. Suppose y*x - 3*r + 9 = 0, -4*x = r + 1 - 9. Determine g(x).
5
Let m = -13 + 21. Let i